{"id":250,"date":"2021-11-22T13:54:24","date_gmt":"2021-11-22T13:54:24","guid":{"rendered":"https:\/\/cral.uniroma3.it\/?page_id=250"},"modified":"2025-09-25T10:12:04","modified_gmt":"2025-09-25T10:12:04","slug":"sezione-benessere-e-tempo-libero","status":"publish","type":"page","link":"https:\/\/cral.uniroma3.it\/?page_id=250","title":{"rendered":"Sezione benessere e tempo libero"},"content":{"rendered":"<h3><strong><img loading=\"lazy\" decoding=\"async\" class=\" wp-image-306 alignright\" src=\"https:\/\/cral.uniroma3.it\/wp-content\/uploads\/2021\/11\/cral-uniroma3.jpg\" alt=\"\" width=\"152\" height=\"93\" \/>Convenzioni\u00a0<\/strong><\/h3>\n<p><strong>Per informazioni sulle agevolazioni dedicate ai Soci CralUniroma3, inviare una mail a: cral@uniroma3.it<\/strong><\/p>\n<p>&nbsp;<\/p>\n<p><strong><a href=\"https:\/\/www.bluserena.it\/it\/home\">BLUSERENA Hotels &amp; Resorts<\/a> <\/strong>negli Hotel e Resort in Sardegna, Puglia, Sicilia, Calabria, Abruzzo, direttamente su bellissime spiagge sabbiose, e in Piemonte, nello splendido comprensorio sciistico della Vialattea.<br \/>\nPer il divertimento, lo sport, il relax e una vacanza indimenticabile.<br \/>\n<em>Per usufruire delle tariffe scontate \u00e8 necessario presentare la tessera del CRAL UniRoma3 in corso di validit\u00e0.<\/em><\/p>\n<p>&nbsp;<\/p>\n<p><a href=\"https:\/\/canap.it\/stabilimento-balneare-le-palme-ostia\/\"><strong>C.A.N.A.P. LE PALME<\/strong><\/a>\u00a0 stabilimento balneare a Ostia Lido, Roma.<br \/>\n<em>Per usufruire delle tariffe scontate \u00e8 necessario presentare la tessera del CRAL UniRoma3 in corso di validit\u00e0.<\/em><\/p>\n<p>&nbsp;<\/p>\n<p><strong><a href=\"https:\/\/www.cioccolini.com\/\">CIOCCOLINI<\/a> <\/strong>dalla Tuscia alla tavola. Frantoio e Azienda Olearia<br \/>\n<em>Per usufruire delle tariffe scontate \u00e8 necessario presentare la tessera del CRAL UniRoma3 in corso di validit\u00e0.<\/em><\/p>\n<p>&nbsp;<\/p>\n<p><strong><a href=\"https:\/\/www.qcterme.com\/it\">CQ SPA OF WONDERS<\/a> <\/strong>una delle principali realt\u00e0 italiane nel settore turistico del benessere, nota per i suoi centri termali, spa e hotel di charme che offrono esperienze di relax e benessere. Per i soci CRAL UniRoma3 agevolazioni per: ingressi, soggiorni, linea cosmetica, fragranze Aria.<br \/>\n<em>Per usufruire delle tariffe scontate \u00e8 necessario presentare la tessera del CRAL UniRoma3 in corso di validit\u00e0.<\/em><\/p>\n<p>&nbsp;<\/p>\n<p><a href=\"https:\/\/www.gardaland.it\/\"><strong>GARDALAND Park<\/strong><\/a> Parco Divertimenti e Sea Life Aquarium<br \/>\n<em>Per usufruire delle tariffe scontate \u00e8 necessario presentare la tessera del CRAL UniRoma3 in corso di validit\u00e0.<\/em><\/p>\n<p>&nbsp;<\/p>\n<p><strong><a href=\"https:\/\/eur01.safelinks.protection.outlook.com\/?url=https%3A%2F%2Fwww.tolivesport.it%2F&amp;data=05%7C02%7C%7Cad947a2d66074ec0fbab08dc3a08df9d%7Cffb4df68f464458ca54600fb3af66f6a%7C0%7C0%7C638449057088485076%7CUnknown%7CTWFpbGZsb3d8eyJWIjoiMC4wLjAwMDAiLCJQIjoiV2luMzIiLCJBTiI6Ik1haWwiLCJXVCI6Mn0%3D%7C0%7C%7C%7C&amp;sdata=DwtBjeRvOALsv73cZEHNlNm6gtpwyea9Nj1v6pa836g%3D&amp;reserved=0\">TO LIVE SportsCenter<\/a><br \/>\n<\/strong>SERVIZI: 1 sala isotonica\/cardiofitness, 2 sale fitness, 1 sala spinning, 2 piscine, 2 campi da calcio a 5, 6 campi da tennis (pavimento sintetico), 1 campo polivalente coperto, idromassaggio, hammam, docce emozionali, cabine trattamenti benessere, 16 spogliatoi, bar, ristorante, parcheggio.<br \/>\nORARI: dal luned\u00ec al venerd\u00ec 6.30 \/ 23.00<br \/>\nINDIRIZZO: Via Aristide Leonori, 8 00147 \u2013 Roma<br \/>\n<em>Per usufruire delle tariffe scontate \u00e8 necessario presentare la tessera del CRAL UniRoma3 in corso di validit\u00e0.<\/em><\/p>\n<p>&nbsp;<\/p>\n<p><a href=\"https:\/\/www.lecasedellozodiaco.it\/it\/index.php\"><strong>Le CASE DELLO ZODIACO &#8211; Albergo di Charme<\/strong><\/a> il primo albergo diffuso della Sicilia, situato a Modica. La struttura garantisce tariffe scontate per tutti i soci CRAL UniRoma3 APS e visita guidata gratuita presso un laboratorio \/ dolceria, per sperimentare e degustare la pi\u00f9 antica cioccolata d&#8217;Europa, eccellenza del territorio.<br \/>\nModica\u00a0oltre ad essere una citt\u00e0 Patrimonio dell&#8217;Unesco, Capitale della Val di Noto si trova al centro di altri 5 siti patrimonio dell&#8217;Unesco che si trovano in un raggio di 30 km e che pu\u00f2 consentire una vacanza d&#8217;Arte e di Mare le pi\u00f9 belle spiagge della costa distano 15 km.<br \/>\n<em>Per usufruire delle tariffe scontate \u00e8 necessario presentare la tessera del CRAL UniRoma3 in corso di validit\u00e0.<\/em><\/p>\n<p>&nbsp;<\/p>\n<p><strong><a href=\"https:\/\/www.latorresportingclub.it\/\">LA TORRE Sporting Club<\/a><\/strong>\u00a0Un luogo immerso nel verde del Parco degli Acquedotti romani con una superficie di 70.000 mq: 5 campi di tennis, 4 campi di padel, 4 campi di calcetto e calciotto, zona running, 9 giardini attrezzati, sala eventi e annessa piscina, centro estivo, piscina all\u2019aperto, bar e piccolo ristorante.<br \/>\n<em>Per usufruire delle tariffe scontate \u00e8 necessario presentare la tessera del CRAL UniRoma3 in corso di validit\u00e0 e acquistare la tessera del circolo ad un costo di 5\u20ac.<\/em><\/p>\n<p>&nbsp;<\/p>\n<p><strong><a href=\"https:\/\/www.liviaspa.com\/it\/\">LIVIA Wellness &amp; SPA\u00a0<\/a><br \/>\n<\/strong><em>Per usufruire delle tariffe scontate \u00e8 necessario presentare la tessera del CRAL UniRoma3 in corso di validit\u00e0.<\/em><\/p>\n<p>&nbsp;<\/p>\n<p><strong><a href=\"https:\/\/roma.officinefotografiche.org\/\">OFFICINE FOTOGRAFICHE<\/a> <\/strong>Associazione non profit nata per divulgare e sostenere la cultura dell\u2019immagine.\u00a0L\u2019Associazione \u00e8 luogo d\u2019incontro e di scambio tra professionisti e appassionati, un centro di formazione per fotografi a tutti i livelli, un laboratorio progettuale continuo e aperto alla creativit\u00e0 individuale e di gruppo, uno spazio per l\u2019organizzazione di mostre ed eventi.<br \/>\nAmatori e fotografi professionisti possono contare su un ampio ventaglio di attivit\u00e0:\u00a0mostre,\u00a0concorsi,\u00a0didattica,\u00a0laboratori\u00a0e\u00a0numerose iniziative\u00a0dedicate a tutte le fasce d\u2019et\u00e0.<br \/>\nOfficine Fotografiche Roma negli anni \u00e8 diventata il centro per la promozione e lo sviluppo di una fotografia di qualit\u00e0, generata non solo dalla conoscenza tecnica del mezzo fotografico, ma anche e soprattutto da un\u2019approfondita educazione artistica e culturale.<br \/>\nL\u2019Associazione collabora con le istituzioni, con altre Associazioni Culturali e con le principali realt\u00e0 legate al mondo della fotografia italiana ed internazionale. Offre la sua esperienza nella documentazione fotografica e nell\u2019organizzazione e promozione di mostre.<br \/>\nOfficine Fotografiche Roma condivide e diffonde l\u2019arte fotografica anche grazie alla produzione di eventi annuali:<a href=\"http:\/\/www.fotoleggendo.it\/\">\u00a0FotoLeggendo<\/a>\u00a0e<a href=\"http:\/\/www.obbiettivodonna.org\/\">\u00a0Obiettivo Donna<\/a>. Entrambi, ogni anno, coinvolgono personalit\u00e0 di spicco, catturano l\u2019interesse di numerosi partner culturali e del mondo dei media e si distinguono grazie ad una ricca programmazione di mostre, proiezioni, seminari, workshop.<br \/>\n<em>Per usufruire delle tariffe scontate \u00e8 necessario presentare la tessera del CRAL UniRoma3 in corso di validit\u00e0.<\/em><\/p>\n<p>&nbsp;<\/p>\n<p><strong><a href=\"https:\/\/www.parchiamo.it\/\">PARCHIAMO<\/a><\/strong> by NAVIGAMONDO agenzia viaggi\/tour operator specializzata nel settore dei <strong>parchi tematici<\/strong>\u00a0che fornisce la biglietteria dei parchi su scala nazionale.<\/p>\n<ul>\n<li>CINECITTA\u2019 WORLD<\/li>\n<li>ZOOMARINE<\/li>\n<li>GARDALAND<\/li>\n<li>BIOPARCO<\/li>\n<li>MIRABILANDIA<\/li>\n<\/ul>\n<p>I soci ed i loro familiari potranno usufruire di uno sconto sul biglietto di ingresso ai parchi.<br \/>\n<em>Per usufruire delle tariffe scontate \u00e8 necessario presentare la tessera del CRAL UniRoma3 in corso di validit\u00e0.<\/em><\/p>\n<p>&nbsp;<\/p>\n<p><strong><a href=\"https:\/\/www.piscinadellerose.com\/\">PISCINA DELLE ROSE<\/a><\/strong> l&#8217;impianto sportivo nel quartiere dell&#8217;EUR oltre alla piscina ospita anche una palestra per la sezione Fitness con Studio Pilates, Biostrength e Sala Cardio.<br \/>\n<em>Per usufruire delle tariffe scontate \u00e8 necessario presentare la tessera del CRAL UniRoma3 in corso di validit\u00e0.<\/em><\/p>\n<p>&nbsp;<\/p>\n<p><strong><a href=\"https:\/\/ready4fun.it\/\">READY4FUN Centri estivi<\/a><\/strong>: Centro Estivo <strong>Aurelio,\u00a0<\/strong>Centro Estivo<strong> Enjoy,\u00a0<\/strong>Centro Estivo<strong> Olgiata,\u00a0<\/strong>Centro Estivo Play<strong>\u00a0Selva Candida<br \/>\n<\/strong><em>Per usufruire delle tariffe scontate \u00e8 necessario presentare la tessera del CRAL UniRoma3 in corso di validit\u00e0.<\/em><strong><br \/>\n<\/strong><\/p>\n<p>&nbsp;<\/p>\n<p><strong><a href=\"https:\/\/www.roxymusic.it\/\">ROXY MUSIC Scuola di Musica<\/a><\/strong> a Roma offre Corsi di musica e canto, Laboratori, Insegnanti, Sala prove.<br \/>\n<em>Per usufruire delle tariffe scontate \u00e8 necessario presentare la tessera del CRAL UniRoma3 in corso di validit\u00e0.<\/em><\/p>\n<p>&nbsp;<\/p>\n<p><strong><img loading=\"lazy\" decoding=\"async\" class=\" wp-image-1438 alignright\" src=\"https:\/\/cral.uniroma3.it\/wp-content\/uploads\/2024\/04\/logo-Space-Dance-Ac-300x140.png\" alt=\"\" width=\"292\" height=\"136\" srcset=\"https:\/\/cral.uniroma3.it\/wp-content\/uploads\/2024\/04\/logo-Space-Dance-Ac-300x140.png 300w, https:\/\/cral.uniroma3.it\/wp-content\/uploads\/2024\/04\/logo-Space-Dance-Ac.png 369w\" sizes=\"auto, (max-width: 292px) 100vw, 292px\" \/><a href=\"https:\/\/www.facebook.com\/p\/Space-Dance-Academy-61550569820907\/\">SPACE DANCE ACADEMY<\/a><\/strong> Corsi di:<\/p>\n<ul>\n<li>Yoga,<\/li>\n<li>Danza Classica per adulti (anche per chi non ha mai danzato, per esplorare il proprio corpo, sviluppare grazia, eleganza e corretta postura),<\/li>\n<li>Danza Moderna per adulti,<\/li>\n<li>Sbarra a terra (Metodo Adp, per rinforzare l&#8217;equilibrio e per migliorare l&#8217;allungamento e la flessibilit\u00e0 dei muscoli)<br \/>\n<em>Per usufruire delle tariffe scontate \u00e8 necessario presentare la tessera del CRAL UniRoma3 in corso di validit\u00e0.<\/em><\/li>\n<\/ul>\n<p>&nbsp;<\/p>\n<p><strong><a href=\"https:\/\/www.associazionesuonoeimmagine.it\/\">SUONO E IMMAGINE<\/a> <\/strong>Associazione culturale che ha l\u2019intento di promuovere la diffusione della musica, della cultura e dell\u2019arte sia attraverso iniziative artistico-culturali che di formazione, prevenzione e recupero nei campi socio-sanitario, psicologico, pedagogico, ambientale ed ecologico.<\/p>\n<p>&nbsp;<\/p>\n<p><strong><a href=\"https:\/\/www.pablogarciatangoacademy.com\/\">PABLO GARCIA Tango Academy in Rome<\/a><\/strong> la prestigiosa scuola di Tango Argentino in cui imparare il Tango ed esercitarsi con gli appuntamenti della Pratica Elegante. Zona Appia &#8211; Tuscolana. Corsi per tutti i livelli:<\/p>\n<ul>\n<li>Primi Passi<\/li>\n<li>Pre-Intermedi (per chi balla da meno di 2 anni e\/o deve approfondire la tecnica di base)<\/li>\n<li>Intermedio<\/li>\n<li>Avanzato<\/li>\n<li>Master<\/li>\n<li>Coreografico<\/li>\n<li>Tecnica<\/li>\n<li>Vals<\/li>\n<li>Milonga<\/li>\n<\/ul>\n<p>La domenica, ogni 15 giorni, Pratica Elegante de &#8220;La Domus&#8221;.<br \/>\n<em>Per usufruire delle tariffe scontate \u00e8 necessario presentare la tessera del CRAL UniRoma3 in corso di validit\u00e0.<\/em><\/p>\n<p>&nbsp;<\/p>\n<p><a href=\"https:\/\/www.rossotango.com\/\"><strong>Scuola ROSSOTANGO Project<\/strong><\/a> presso il Centro Polivalente Parco Schuster, un&#8217;ampia sala di 200mq immersa nel verde adiacente alla Basilica di San Paolo e a 200 metri dalla METRO B di San Paolo. Corsi di Tango Argentino per tutti i livelli:<\/p>\n<ul>\n<li>Principianti<\/li>\n<li>Intermedi<\/li>\n<li>Avanzati<\/li>\n<li>Lezioni\u00a0private personalizzate<\/li>\n<li>Seminari con maestri argentini invitati, vacanze tango, spettacoli.<\/li>\n<\/ul>\n<p>La domenica c&#8217;\u00e8 sempre una Pratica per ballare tutti insieme.<br \/>\n<em>Per usufruire delle tariffe scontate \u00e8 necessario presentare la tessera del CRAL UniRoma3 in corso di validit\u00e0.<\/em><\/p>\n<p>&nbsp;<\/p>\n<p><a href=\"https:\/\/www.tangourbano.it\/\"><strong>Scuola TANGO URBANO<\/strong><\/a> fondata e diretta dal maestro e ballerino Santiago Castro. Il progetto che \u00e8 alla base di questa scuola \u00e8 insegnare il tango sociale che si balla in tutto il mondo e che \u00e8 patrimonio dell&#8217;UNESCO. La scuola vuole far conoscere non solo il tango come ballo, ma anche come cultura, oltre a organizzare corsi stabili, stage, laboratori di danza ha il progetto di organizzare eventi culturali\u00a0come la proiezione di documentari, la riproduzione di musica e degli incontri con artisti di grande rilievo nel mondo del tango.<br \/>\nAttualmente Tango Urbano ha 7 corsi stabili attivi in varie zone di Roma che si svolgono dal luned\u00ec al gioved\u00ec. La didattica adottata \u00e8 pensata per tutti, d\u00e0 importanza alla tecnica ma anche all&#8217;ascolto musicale e alla connessione e comunicazione con il proprio compagno di ballo e con il gruppo. Durante le lezioni si lascia spazio agli allievi e al loro personale modo di interpretare il ballo e la musica, affiancati dalle spiegazioni e consigli del maestro Santiago e del suo Team di ballerini e insegnanti.<br \/>\n<em>Per usufruire delle tariffe scontate \u00e8 necessario presentare la tessera del CRAL UniRoma3 in corso di validit\u00e0.<\/em><\/p>\n<p><a href=\"https:\/\/cral.uniroma3.it\/wp-content\/uploads\/2023\/10\/Orari-e-sedi-Tango-Urbano.jpg\">Orari e Sedi della Scuola Tango Urbano<\/a><\/p>\n<p>&nbsp;<\/p>\n<p>&nbsp;<\/p>\n<p>Sono in fase di definizione ulteriori accordi di Convenzione con Centri benessere e tempo libero.<\/p>\n<p><strong><em>Le convenzioni sono riservate ai soci CRAL in regola con il pagamento della quota associativa ed ai loro familiari.<\/em><\/strong><\/p>\n","protected":false},"excerpt":{"rendered":"<p>Convenzioni\u00a0 Per informazioni sulle agevolazioni dedicate ai Soci CralUniroma3, inviare una mail a: cral@uniroma3.it &nbsp; BLUSERENA Hotels &amp; Resorts negli Hotel e Resort in Sardegna, &#8230; <\/p>\n","protected":false},"author":1,"featured_media":0,"parent":0,"menu_order":0,"comment_status":"closed","ping_status":"closed","template":"","meta":{"footnotes":""},"class_list":["post-250","page","type-page","status-publish","hentry"],"_links":{"self":[{"href":"https:\/\/cral.uniroma3.it\/index.php?rest_route=\/wp\/v2\/pages\/250","targetHints":{"allow":["GET"]}}],"collection":[{"href":"https:\/\/cral.uniroma3.it\/index.php?rest_route=\/wp\/v2\/pages"}],"about":[{"href":"https:\/\/cral.uniroma3.it\/index.php?rest_route=\/wp\/v2\/types\/page"}],"author":[{"embeddable":true,"href":"https:\/\/cral.uniroma3.it\/index.php?rest_route=\/wp\/v2\/users\/1"}],"replies":[{"embeddable":true,"href":"https:\/\/cral.uniroma3.it\/index.php?rest_route=%2Fwp%2Fv2%2Fcomments&post=250"}],"version-history":[{"count":71,"href":"https:\/\/cral.uniroma3.it\/index.php?rest_route=\/wp\/v2\/pages\/250\/revisions"}],"predecessor-version":[{"id":1635,"href":"https:\/\/cral.uniroma3.it\/index.php?rest_route=\/wp\/v2\/pages\/250\/revisions\/1635"}],"wp:attachment":[{"href":"https:\/\/cral.uniroma3.it\/index.php?rest_route=%2Fwp%2Fv2%2Fmedia&parent=250"}],"curies":[{"name":"wp","href":"https:\/\/api.w.org\/{rel}","templated":true}]}}